[INFO] fetching crate win-service-logger 0.1.0...
[INFO] checking win-service-logger-0.1.0 against master#e6e4f7ed1589e03bc2f6c5931c1a72e7947e8682 for beta-170-4
[INFO] extracting crate win-service-logger 0.1.0 into /workspace/builds/worker-6-tc2/source
[INFO] validating manifest of crates.io crate win-service-logger 0.1.0 on toolchain e6e4f7ed1589e03bc2f6c5931c1a72e7947e8682
[INFO] running `Command { std: CARGO_HOME="/workspace/cargo-home" RUSTUP_HOME="/workspace/rustup-home" "/workspace/cargo-home/bin/cargo" "+e6e4f7ed1589e03bc2f6c5931c1a72e7947e8682" "metadata" "--manifest-path" "Cargo.toml" "--no-deps", kill_on_drop: false }`
[INFO] started tweaking crates.io crate win-service-logger 0.1.0
[INFO] finished tweaking crates.io crate win-service-logger 0.1.0
[INFO] tweaked toml for crates.io crate win-service-logger 0.1.0 written to /workspace/builds/worker-6-tc2/source/Cargo.toml
[INFO] running `Command { std: CARGO_HOME="/workspace/cargo-home" RUSTUP_HOME="/workspace/rustup-home" __CARGO_TEST_CHANNEL_OVERRIDE_DO_NOT_USE_THIS="nightly" "/workspace/cargo-home/bin/cargo" "+e6e4f7ed1589e03bc2f6c5931c1a72e7947e8682" "generate-lockfile" "--manifest-path" "Cargo.toml" "-Zno-index-update", kill_on_drop: false }`
[INFO] running `Command { std: CARGO_HOME="/workspace/cargo-home" RUSTUP_HOME="/workspace/rustup-home" "/workspace/cargo-home/bin/cargo" "+e6e4f7ed1589e03bc2f6c5931c1a72e7947e8682" "fetch" "--manifest-path" "Cargo.toml", kill_on_drop: false }`
[INFO] running `Command { std: "docker" "create" "-v" "/var/lib/crater-agent-workspace/builds/worker-6-tc2/target:/opt/rustwide/target:rw,Z" "-v" "/var/lib/crater-agent-workspace/builds/worker-6-tc2/source:/opt/rustwide/workdir:ro,Z" "-v" "/var/lib/crater-agent-workspace/cargo-home:/opt/rustwide/cargo-home:ro,Z" "-v" "/var/lib/crater-agent-workspace/rustup-home:/opt/rustwide/rustup-home:ro,Z" "-e" "SOURCE_DIR=/opt/rustwide/workdir" "-e" "CARGO_TARGET_DIR=/opt/rustwide/target" "-e" "CARGO_HOME=/opt/rustwide/cargo-home" "-e" "RUSTUP_HOME=/opt/rustwide/rustup-home" "-w" "/opt/rustwide/workdir" "-m" "1610612736" "--user" "0:0" "--network" "none" "ghcr.io/rust-lang/crates-build-env/linux@sha256:19e73879b68f455e41552ea35293514db52ea292d993f571636dbffedb77a1ee" "/opt/rustwide/cargo-home/bin/cargo" "+e6e4f7ed1589e03bc2f6c5931c1a72e7947e8682" "metadata" "--no-deps" "--format-version=1", kill_on_drop: false }`
[INFO] [stdout] ccd8f89f5bd5edd651d5a6c58e9ebd5fa54819ebd7565f26ab6be9122f4b9ba8
[INFO] running `Command { std: "docker" "start" "-a" "ccd8f89f5bd5edd651d5a6c58e9ebd5fa54819ebd7565f26ab6be9122f4b9ba8", kill_on_drop: false }`
[INFO] running `Command { std: "docker" "inspect" "ccd8f89f5bd5edd651d5a6c58e9ebd5fa54819ebd7565f26ab6be9122f4b9ba8", kill_on_drop: false }`
[INFO] running `Command { std: "docker" "rm" "-f" "ccd8f89f5bd5edd651d5a6c58e9ebd5fa54819ebd7565f26ab6be9122f4b9ba8", kill_on_drop: false }`
[INFO] [stdout] ccd8f89f5bd5edd651d5a6c58e9ebd5fa54819ebd7565f26ab6be9122f4b9ba8
[INFO] running `Command { std: "docker" "create" "-v" "/var/lib/crater-agent-workspace/builds/worker-6-tc2/target:/opt/rustwide/target:rw,Z" "-v" "/var/lib/crater-agent-workspace/builds/worker-6-tc2/source:/opt/rustwide/workdir:ro,Z" "-v" "/var/lib/crater-agent-workspace/cargo-home:/opt/rustwide/cargo-home:ro,Z" "-v" "/var/lib/crater-agent-workspace/rustup-home:/opt/rustwide/rustup-home:ro,Z" "-e" "SOURCE_DIR=/opt/rustwide/workdir" "-e" "CARGO_TARGET_DIR=/opt/rustwide/target" "-e" "CARGO_INCREMENTAL=0" "-e" "RUST_BACKTRACE=full" "-e" "RUSTFLAGS=--cap-lints=forbid" "-e" "RUSTDOCFLAGS=--cap-lints=forbid" "-e" "CARGO_HOME=/opt/rustwide/cargo-home" "-e" "RUSTUP_HOME=/opt/rustwide/rustup-home" "-w" "/opt/rustwide/workdir" "-m" "1610612736" "--user" "0:0" "--network" "none" "ghcr.io/rust-lang/crates-build-env/linux@sha256:19e73879b68f455e41552ea35293514db52ea292d993f571636dbffedb77a1ee" "/opt/rustwide/cargo-home/bin/cargo" "+e6e4f7ed1589e03bc2f6c5931c1a72e7947e8682" "check" "--frozen" "--all" "--all-targets" "--message-format=json", kill_on_drop: false }`
[INFO] [stdout] fdedfca2f24b54f297e963d67081aaf90a5801f80ccc796acca8c845b1c17505
[INFO] running `Command { std: "docker" "start" "-a" "fdedfca2f24b54f297e963d67081aaf90a5801f80ccc796acca8c845b1c17505", kill_on_drop: false }`
[INFO] [stderr]    Compiling winapi v0.3.9
[INFO] [stderr]     Checking widestring v0.5.1
[INFO] [stderr]     Checking win-service-logger v0.1.0 (/opt/rustwide/workdir)
[INFO] [stdout] error[E0433]: failed to resolve: could not find `um` in `winapi`
[INFO] [stdout]   --> src/lib.rs:22:13
[INFO] [stdout]    |
[INFO] [stdout] 22 | use winapi::um::winnt::HANDLE;
[INFO] [stdout]    |             ^^ could not find `um` in `winapi`
[INFO] [stdout] 
[INFO] [stdout] 
[INFO] [stdout] error[E0433]: failed to resolve: could not find `um` in `winapi`
[INFO] [stdout]   --> src/lib.rs:22:13
[INFO] [stdout]    |
[INFO] [stdout] 22 | use winapi::um::winnt::HANDLE;
[INFO] [stdout]    |             ^^ could not find `um` in `winapi`
[INFO] [stdout] 
[INFO] [stdout] 
[INFO] [stdout] error[E0433]: failed to resolve: could not find `um` in `winapi`
[INFO] [stdout]    --> src/lib.rs:106:29
[INFO] [stdout]     |
[INFO] [stdout] 106 |                     winapi::um::winbase::RegisterEventSourceA(std::ptr::null_mut(), c_str.as_ptr())
[INFO] [stdout]     |                             ^^ could not find `um` in `winapi`
[INFO] [stdout] 
[INFO] [stdout] 
[INFO] [stdout] error[E0433]: failed to resolve: could not find `um` in `winapi`
[INFO] [stdout]    --> src/lib.rs:122:41
[INFO] [stdout]     |
[INFO] [stdout] 122 |                 Level::Trace => winapi::um::winnt::EVENTLOG_INFORMATION_TYPE,
[INFO] [stdout]     |                                         ^^ could not find `um` in `winapi`
[INFO] [stdout] 
[INFO] [stdout] 
[INFO] [stdout] error[E0433]: failed to resolve: could not find `um` in `winapi`
[INFO] [stdout]    --> src/lib.rs:106:29
[INFO] [stdout]     |
[INFO] [stdout] 106 |                     winapi::um::winbase::RegisterEventSourceA(std::ptr::null_mut(), c_str.as_ptr())
[INFO] [stdout]     |                             ^^ could not find `um` in `winapi`
[INFO] [stdout] 
[INFO] [stdout] 
[INFO] [stdout] error[E0433]: failed to resolve: could not find `um` in `winapi`
[INFO] [stdout]    --> src/lib.rs:123:41
[INFO] [stdout]     |
[INFO] [stdout] 123 |                 Level::Debug => winapi::um::winnt::EVENTLOG_INFORMATION_TYPE,
[INFO] [stdout]     |                                         ^^ could not find `um` in `winapi`
[INFO] [stdout] 
[INFO] [stdout] 
[INFO] [stdout] error[E0433]: failed to resolve: could not find `um` in `winapi`
[INFO] [stdout]    --> src/lib.rs:122:41
[INFO] [stdout]     |
[INFO] [stdout] 122 |                 Level::Trace => winapi::um::winnt::EVENTLOG_INFORMATION_TYPE,
[INFO] [stdout]     |                                         ^^ could not find `um` in `winapi`
[INFO] [stdout] 
[INFO] [stdout] 
[INFO] [stdout] error[E0433]: failed to resolve: could not find `um` in `winapi`
[INFO] [stdout]    --> src/lib.rs:124:40
[INFO] [stdout]     |
[INFO] [stdout] 124 |                 Level::Info => winapi::um::winnt::EVENTLOG_INFORMATION_TYPE,
[INFO] [stdout]     |                                        ^^ could not find `um` in `winapi`
[INFO] [stdout] 
[INFO] [stdout] 
[INFO] [stdout] error[E0433]: failed to resolve: could not find `um` in `winapi`
[INFO] [stdout]    --> src/lib.rs:123:41
[INFO] [stdout]     |
[INFO] [stdout] 123 |                 Level::Debug => winapi::um::winnt::EVENTLOG_INFORMATION_TYPE,
[INFO] [stdout]     |                                         ^^ could not find `um` in `winapi`
[INFO] [stdout] 
[INFO] [stdout] 
[INFO] [stdout] error[E0433]: failed to resolve: could not find `um` in `winapi`
[INFO] [stdout]    --> src/lib.rs:125:40
[INFO] [stdout]     |
[INFO] [stdout] 125 |                 Level::Warn => winapi::um::winnt::EVENTLOG_WARNING_TYPE,
[INFO] [stdout]     |                                        ^^ could not find `um` in `winapi`
[INFO] [stdout] 
[INFO] [stdout] 
[INFO] [stdout] error[E0433]: failed to resolve: could not find `um` in `winapi`
[INFO] [stdout]    --> src/lib.rs:124:40
[INFO] [stdout]     |
[INFO] [stdout] 124 |                 Level::Info => winapi::um::winnt::EVENTLOG_INFORMATION_TYPE,
[INFO] [stdout]     |                                        ^^ could not find `um` in `winapi`
[INFO] [stdout] 
[INFO] [stdout] 
[INFO] [stdout] error[E0433]: failed to resolve: could not find `um` in `winapi`
[INFO] [stdout]    --> src/lib.rs:126:41
[INFO] [stdout]     |
[INFO] [stdout] 126 |                 Level::Error => winapi::um::winnt::EVENTLOG_ERROR_TYPE,
[INFO] [stdout]     |                                         ^^ could not find `um` in `winapi`
[INFO] [stdout] 
[INFO] [stdout] 
[INFO] [stdout] error[E0433]: failed to resolve: could not find `um` in `winapi`
[INFO] [stdout]    --> src/lib.rs:125:40
[INFO] [stdout]     |
[INFO] [stdout] 125 |                 Level::Warn => winapi::um::winnt::EVENTLOG_WARNING_TYPE,
[INFO] [stdout]     |                                        ^^ could not find `um` in `winapi`
[INFO] [stdout] 
[INFO] [stdout] 
[INFO] [stdout] error[E0433]: failed to resolve: could not find `um` in `winapi`
[INFO] [stdout]    --> src/lib.rs:142:25
[INFO] [stdout]     |
[INFO] [stdout] 142 |                 winapi::um::winbase::ReportEventW(
[INFO] [stdout]     |                         ^^ could not find `um` in `winapi`
[INFO] [stdout] 
[INFO] [stdout] 
[INFO] [stdout] error[E0433]: failed to resolve: could not find `um` in `winapi`
[INFO] [stdout]    --> src/lib.rs:126:41
[INFO] [stdout]     |
[INFO] [stdout] 126 |                 Level::Error => winapi::um::winnt::EVENTLOG_ERROR_TYPE,
[INFO] [stdout]     |                                         ^^ could not find `um` in `winapi`
[INFO] [stdout] 
[INFO] [stdout] 
[INFO] [stdout] error[E0433]: failed to resolve: could not find `um` in `winapi`
[INFO] [stdout]    --> src/lib.rs:165:34
[INFO] [stdout]     |
[INFO] [stdout] 165 |         let _ = unsafe { winapi::um::winbase::DeregisterEventSource(handle) };
[INFO] [stdout]     |                                  ^^ could not find `um` in `winapi`
[INFO] [stdout] 
[INFO] [stdout] 
[INFO] [stdout] error[E0433]: failed to resolve: could not find `um` in `winapi`
[INFO] [stdout]    --> src/lib.rs:142:25
[INFO] [stdout]     |
[INFO] [stdout] 142 |                 winapi::um::winbase::ReportEventW(
[INFO] [stdout]     |                         ^^ could not find `um` in `winapi`
[INFO] [stdout] 
[INFO] [stdout] 
[INFO] [stdout] error[E0433]: failed to resolve: could not find `um` in `winapi`
[INFO] [stdout]    --> src/lib.rs:165:34
[INFO] [stdout]     |
[INFO] [stdout] 165 |         let _ = unsafe { winapi::um::winbase::DeregisterEventSource(handle) };
[INFO] [stdout]     |                                  ^^ could not find `um` in `winapi`
[INFO] [stdout] 
[INFO] [stdout] 
[INFO] [stdout] error: aborting due to 9 previous errors
[INFO] [stdout] 
[INFO] [stdout] 
[INFO] [stdout] For more information about this error, try `rustc --explain E0433`.
[INFO] [stdout] 
[INFO] [stdout] error: aborting due to 9 previous errors
[INFO] [stdout] 
[INFO] [stdout] 
[INFO] [stdout] For more information about this error, try `rustc --explain E0433`.
[INFO] [stdout] 
[INFO] [stderr] error: could not compile `win-service-logger` (lib) due to 10 previous errors
[INFO] [stderr] warning: build failed, waiting for other jobs to finish...
[INFO] [stderr] error: could not compile `win-service-logger` (lib test) due to 10 previous errors
[INFO] running `Command { std: "docker" "inspect" "fdedfca2f24b54f297e963d67081aaf90a5801f80ccc796acca8c845b1c17505", kill_on_drop: false }`
[INFO] running `Command { std: "docker" "rm" "-f" "fdedfca2f24b54f297e963d67081aaf90a5801f80ccc796acca8c845b1c17505", kill_on_drop: false }`
[INFO] [stdout] fdedfca2f24b54f297e963d67081aaf90a5801f80ccc796acca8c845b1c17505
